e 31*g = 2*j + 36*g - 59844, 5*j + 3*g = 149591. Is j prime?
True
Let y(f) = 7*f**2 - 5*f - 17. Is y(7) prime?
False
Suppose 0 = -15*f - 18 + 3. Let y(o) = -739*o + 7. Is y(f) a prime number?
False
Let j(n) = 1102*n - 37. Is j(14) a prime number?
True
Suppose v + 27*v - 43148 = 0. Is v prime?
False
Is (-1 - 784/3)/(7/(-63)) a prime number?
False
Let m(k) = -26*k**2 - 1. Let f be m(1). Let b = 25 + f. Is (2 - b)*499/4 a prime number?
True
Suppose 4*q = 157 + 599. Let v = q + -98. Is v prime?
False
Let b = -1034 + 1947. Is b a composite number?
True
Let a be (-2 + (-2 - -2))*-2. Let m(s) = 9*s**2 + 18*s + 34. Let k be m(9). Suppose -a*n + k = n. Is n prime?
False
Suppose t = 3*w + 4, -t + 2 + 2 = 0. Suppose w = q - 35 - 42. Is q prime?
False
Let m = 2746 + -1495. Suppose 372 = -3*u + m. Is u a composite number?
False
Suppose 0*x = 4*x - 7056. Suppose 5*g - 5255 = -2*w, x = 4*g - 4*w - 2412. Is g composite?
False
Let r = -54 + 52. Is -6 + (r - -5) + 676 + 0 a prime number?
True
Suppose 3*q + q = 1820. Suppose -4*v + 2*w + 1340 = 0, 885 = 4*v - 5*w - q. Suppose -4*x - x = -v. Is x composite?
False
Let y = -8 + 31. Suppose -8*o + g - 24 = -3*o, -y = 5*o - 2*g. Is 3 + o + 1 + 396 a composite number?
True
Let a = 24 - 19. Suppose -a*s = s - 15090. Is s a prime number?
False
Is 8*1807 + (-8)/24*9 a composite number?
True
Suppose 2154 = f - 0*u + 5*u, 3*f + 2*u = 6397. Is f a composite number?
False
Let z(y) = -3*y + 9 - 7*y**2 - 6 - 2 - 3*y**3 - y**2. Let h(u) = u - 2. Let o be h(-3). Is z(o) prime?
True
Let p be (-2)/4*(-20)/(30/6). Suppose 521 = q + 2*b, -p*q + b + 1028 = -2*b. Is q a composite number?
True
Let p = 22 + -16. Suppose -p*q + 2317 = q. Is q composite?
False
Let f(g) = -177*g - 29. Let a be (48/(-20))/(3/15). Is f(a) a composite number?
True
Let s = -13774 + 20463. Is s a composite number?
False
Suppose 9258 = 125*h - 119*h. Is h composite?
False
Let b(l) = -l**3 + 13*l**2 - 9*l - 8. Suppose 43 = 5*f + m - 7, 0 = 3*f - 2*m - 17. Is b(f) a prime number?
False
Let z(f) = -10 - 73*f + 95 - 38 - 149*f. Is z(-15) a prime number?
False
Let y(w) be the first derivative of -w**4/4 - 2*w**3 - 11*w**2/2 - 5*w - 17. Let z(o) = -o**3 + 6*o**2 - 6*o - 3. Let u be z(5). Is y(u) prime?
True
Suppose 5*h = h + 16. Suppose 0 = p - 4*f + 2*f - 839, -h*p + 3*f + 3371 = 0. Let v = -592 + p. Is v a prime number?
False
Suppose -4*l + 17 - 1 = 0. Let s be 0/(l/(-12)*-3). Suppose 4*z + s*z - 268 = 0. Is z a prime number?
True
Suppose 83*f - 82*f = -319. Let b = 16 - f. Is b a composite number?
True
Let s be ((-9)/(-3))/(-3) + 5. Let h(j) = -50*j + 6. Let b be h(s). Let g = -99 - b. Is g composite?
True
Let z be 2*(-862)/(-4)*1. Let h = 907 - z. Suppose 0*r - 4*r + h = 0. Is r a prime number?
False
Let x(c) = c**2 - 6*c. Let f be x(5). Let p be ((-28)/10)/1*f. Let y = 65 - p. Is y composite?
True
Suppose 2*y - 12 = 3*d, 4*d + 16 = -0*d - 2*y. Let i = d - -3. Let q(j) = -417*j + 2. Is q(i) composite?
False
Let m = -11 + 1. Let t = m + 2. Is 62*(-4)/(t/1) a composite number?
False
Let s be 4/4 + 1 - -1. Suppose 0 = -n - s*n - 448. Is n/((-8)/4) + 3 a composite number?
False
Let r = -33340 + 58217. Is r composite?
False
Suppose -n - 4*d = n - 5182, 0 = d. Is n a prime number?
True
Suppose u + 5*y = 22, 1 = 3*y + 4. Let v be u/15 + 1/5. Suppose 0 = j - v + 5, 0 = a - 4*j - 349. Is a a prime number?
True
Suppose -24*k + 15542 = 14*k. Is k prime?
True
Let j(l) = -l**3 - 27*l**2 - 26*l. Let a be j(-26). Let t = a + 95. Is t composite?
True
Let z be (-180360)/(-42) - (-6)/(-21). Suppose -z = -7*c + 921. Is c a prime number?
False
Let t(i) = 2*i**2 + 8*i + 6. Let z be t(-13). Suppose 2*o + o - z = 0. Suppose m + 3 = o. Is m a composite number?
True
Suppose -3*k = -4*n + n + 2727, -4*n = -2*k - 3632. Is n prime?
True
Let p(o) = -o**3 + 5*o**2 - 7*o + 2. Let y be p(3). Is (871 + (10 - 4))/(0 - y) composite?
False
Let a be (-1096)/(-3)*9/6. Let w = -92 - -247. Let x = a - w. Is x prime?
False
Is (0 - 2 - -1)/(6/(-169170)) a composite number?
True
Let x = -828 - -1254. Suppose 0 = -7*b + 5*b + x. Is b a composite number?
True
Suppose 0 = 2*s - 2*a - 4, 0*s - 3*s = -2*a - 3. Let y = 6 + s. Suppose y*d = -p + 2*p - 135, p + 5*d = 175. Is p a composite number?
True
Suppose 3*b - b = -14. Let u(p) = p**2 + 6*p - 5. Let r be u(b). Suppose -3*x = -4*n + 110 + 44, 0 = r*x + 4. Is n a composite number?
False
Suppose 4*h + 5*t + 2 = 0, -3*t = -0*h + 3*h. Let g be 2/h - 4 - 46. Let d = 9 - g. Is d composite?
True
Is 26233 + (1 - (12 - 5)) a composite number?
False
Let s(d) = -d**3 + 6*d**2 - d + 4. Let t be s(6). Is (-2 + t - -5)*2685/3 prime?
False
Suppose 0 = -6*u + 15016 + 3962. Is u prime?
True
Suppose -4*z + 2*z = 5*n - 13203, -2*z + 5*n + 13233 = 0. Is z prime?
False
Let o(s) = 1189*s - 6. Is o(5) composite?
False
Let x(f) = -2*f**3 - 11*f**2 + 24*f + 29. Is x(-10) a composite number?
True
Suppose 5*p = -2*l + 39083, 5*p - 8*l + 6*l - 39087 = 0. Is p a prime number?
True
Let p(k) = -4*k**3 - 2*k**2 + 4*k - 3. Let n(f) = -2*f - 21. Let w be n(-11). Let d be -6 + 5 + w + -4. Is p(d) a prime number?
False
Let q = -2507 - -3594. Is q a prime number?
True
Let g(v) be the first derivative of v**4/4 - 2*v**3 - 13*v**2/2 - 7*v - 20. Is g(17) a composite number?
True
Suppose -7*k + 10*k - 4269 = 0. Suppose 0 = 2*x + 3*w - 7, -2*x + 2*w - 8 = -5*x. Suppose s - x*s + 307 = 5*p, -5*s + 3*p + k = 0. Is s prime?
False
Let v(u) = u + 18. Let a be v(-11). Is 1756/a + (-5)/(-35) a composite number?
False
Let p = 49 - 45. Suppose 55 = p*d - 21. Is d a composite number?
False
Let r(d) = 3618*d + 11. Let j be r(5). Suppose 9*w - 81056 = -j. Is w composite?
True
Suppose -49*w = -46*w + 4*h - 38109, -5*w + 63538 = -h. Is w a composite number?
True
Suppose 11*l - 10 = 6*l. Suppose -8493 = -l*c - 607. Is c composite?
False
Suppose 0 = -d - 37 - 13. Is (-2)/(d/15)*1535 a composite number?
True
Let q(n) = 22*n**2 - 5*n + 13. Is q(-7) prime?
False
Let m = -813 - -2022. Suppose 3*l - m = -4*h, 1447 = 4*l - h - 184. Is l a composite number?
True
Let a(j) = -16*j + 9. Let l be a(-9). Let o = l - 40. Is o a composite number?
False
Let c(o) = -3*o**3 + 13*o**2 + 31*o + 50. Is c(-7) a prime number?
True
Suppose 0 = 42*d - 141*d + 453717. Is d prime?
True
Suppose -4*j = -4*c + 1468, c = 2*j - 45 + 407. Suppose -6 = -3*x + c. Let w = 43 + x. Is w prime?
False
Let v(p) = -56*p + 15. Let x be v(18). Let q = x + 1709. Suppose 2*k - q = 1194. Is k a composite number?
True
Is (74641/(-28))/(2/(-8)) composite?
False
Suppose 3*z + 1 = 3*c - 2, -3*z + 12 = 0. Suppose 0 = -c*p + 1020 + 1910. Is p prime?
False
Let m be 1/(-4) + 6 + 23/(-4). Let t(g) = -g**2 - 5*g - 4. Let i be t(-4). Suppose 4*v - 40 + m = i. Is v prime?
False
Suppose 10*m = 7*m + 5781. Is m composite?
True
Let w be 1189 + (-6)/((-9)/(-3)). Let y(z) = -z**3 - z**2 + z + 4. Let s be y(0). Suppose -s*x - 3*k = -0*k - w, 2*k = 10. Is x a composite number?
False
Let y(k) = -1066*k**3 - 2*k**2 - 3*k + 5. Let b(h) = 1067*h**3 + h**2 + 3*h - 4. Let o(r) = 3*b(r) + 2*y(r). Is o(1) a prime number?
True
Is -1 + (-8)/12 + 9146/3 composite?
True
Suppose 0 = 6*s - 11*s + 15. Suppose 3*d + 7*l = s*l + 1921, 0 = d - 4*l - 667. Is d composite?
False
Suppose 0 = x - 4, -x = 4*z - 3*x + 148. Let y be 2/(-5) - z/25. Is 26/13 + y*159 a prime number?
False
Let g(t) = 13683*t - 5. Is g(2) a prime number?
True
Let k(z) = -25*z - 2. Let x = 1 - -1. Suppose -x*n + 10 = 36. Is k(n) a prime number?
False
Suppose 0 = -2*j - 2*s + 656, 0*s + 1648 = 5*j + 3*s. Suppose -o - j = -5*o. Is o composite?
False
Suppose w - b = -3*b + 6, w = -5*b. Let n(l) = l + w + 2*l + 0*l. Is n(8) prime?
False
Is 372228/(-9)*((-273)/(-26) + -12) composite?
True
Let l(c) = -c**2 - 2*c + 720. Let y be l(0). Suppose 151 + y = g. Is g a prime number?
False
Let m(j) = j**2 - 3*j - 2. Let i be m(4). Let p(r) = 108*r + 2. Let a be p(i). Let k = a - 127. Is k composite?
True
Suppose 82*k = 64*k + 105714. Is k composite?
True
Suppose 280*h - 244*h - 127836 = 0. Is h a composite number?
True
Let b be 0 + -3 + 4 - 1. Let v(n) = 79 + n + n**3 + 126 + 0*n**3. Is v(b) composite?
True
Suppose j - 5*t + t = 239, 0 = -3*j - 5*t + 734. Suppose -4*u + j + 521 = 0. Is u composite?
False
Let z = 1 - 3. Let l be 1 + -4 - -